{"id":2522,"date":"2024-02-04T10:20:39","date_gmt":"2024-02-04T10:20:39","guid":{"rendered":"http:\/\/jaimetrinidadlopd.es\/?page_id=2522"},"modified":"2025-06-21T08:09:57","modified_gmt":"2025-06-21T08:09:57","slug":"power-bi-2","status":"publish","type":"page","link":"https:\/\/jaimetrinidadlopd.es\/?page_id=2522","title":{"rendered":"Power Bi"},"content":{"rendered":"\t\t<div data-elementor-type=\"wp-page\" data-elementor-id=\"2522\" class=\"elementor elementor-2522\">\n\t\t\t\t\t\t<section class=\"elementor-section elementor-top-section elementor-element elementor-element-656bea2d elementor-section-boxed elementor-section-height-default elementor-section-height-default wpr-particle-no wpr-jarallax-no wpr-parallax-no wpr-sticky-section-no\" data-id=\"656bea2d\" data-element_type=\"section\" data-e-type=\"section\">\n\t\t\t\t\t\t<div class=\"elementor-container elementor-column-gap-default\">\n\t\t\t\t\t<div class=\"elementor-column elementor-col-100 elementor-top-column elementor-element elementor-element-330b057e\" data-id=\"330b057e\" data-element_type=\"column\" data-e-type=\"column\">\n\t\t\t<div class=\"elementor-widget-wrap elementor-element-populated\">\n\t\t\t\t\t\t<div class=\"elementor-element elementor-element-391b36bf elementor-widget elementor-widget-text-editor\" data-id=\"391b36bf\" data-element_type=\"widget\" data-e-type=\"widget\" data-widget_type=\"text-editor.default\">\n\t\t\t\t<div class=\"elementor-widget-container\">\n\t\t\t\t\t\t\t\t\t<p><\/p>\n<div class=\"compartir\">\n<p>El Business Intelligence (BI), es el conjunto de procesos que nos permita analizar una gran cantidad de datos con el objetivo de conocer c\u00f3mo est\u00e1 funcionando una organizaci\u00f3n \u00bfest\u00e1 cumpliendo sus objetivos?, \u00bfest\u00e1n funcionado sus procesos?, \u00bfQu\u00e9 procesos no est\u00e1n funcionado? \u00bfEn que se basan las decisiones de negocio?<\/p>\n<p>Para llevar cabo el proceso de BI surgen tres problemas:<\/p>\n<ul>\n<li>La cantidad de datos que tenemos que explotar.<\/li>\n<li>La cantidad de tipos de datos distintos a los que nos enfrentamos.<\/li>\n<li>El momento de presentar los datos.<\/li>\n<\/ul>\n<p>Es decir, es necesario explotar grandes cantidades distintas de datos, transformarlos y obtener el conocimiento necesario para dar respuesta a todas las preguntas de manera objetiva, justificada y r\u00e1pida.<\/p>\n<p>Para solventar el problema, existe el proceso de an\u00e1lisis empresarial, que permite unir diferentes fuentes de datos, analizarlos y presentar un an\u00e1lisis de estos a trav\u00e9s de informes y paneles en tiempo real. Este proceso permite sacar el m\u00e1ximo provecho a sus inversiones en macrodatos mediante la conexi\u00f3n a todos los or\u00edgenes de datos con escala para analizar, compartir y promover los conocimientos en toda la organizaci\u00f3n, a la vez que mantiene la precisi\u00f3n, la coherencia y la seguridad de los datos.<\/p>\n<p>Para llevar a cabo, de manera eficiente\u00a0 el proceso de BI, existen numerosas herramientas, de la cual hemos considerado, por su calidad, precio, facilidad de aprendizaje y su interconexi\u00f3n con una gran cantidad de sistemas y or\u00edgenes de datos <strong>POWERBI.<\/strong><\/p>\n<p><strong>POWER BI <\/strong>nos har\u00e1 capaces de definir nuestros or\u00edgenes de datos, transformar los datos, crear paneles de control, informes de una manera casi automatizada.<\/p>\n<\/div>\n<p><\/p>\n<p><\/p>\t\t\t\t\t\t\t\t<\/div>\n\t\t\t\t<\/div>\n\t\t\t\t<div class=\"elementor-element elementor-element-6e2d4ee elementor-widget elementor-widget-image\" data-id=\"6e2d4ee\" data-element_type=\"widget\" data-e-type=\"widget\" data-widget_type=\"image.default\">\n\t\t\t\t<div class=\"elementor-widget-container\">\n\t\t\t\t\t\t\t\t\t\t\t\t\t\t\t<img fetchpriority=\"high\" decoding=\"async\" width=\"558\" height=\"168\" src=\"https:\/\/i0.wp.com\/jaimetrinidadlopd.es\/wp-content\/uploads\/2024\/02\/dato_info_cono.webp?fit=558%2C168\" class=\"attachment-large size-large wp-image-2538\" alt=\"\" srcset=\"https:\/\/i0.wp.com\/jaimetrinidadlopd.es\/wp-content\/uploads\/2024\/02\/dato_info_cono.webp?w=558 558w, https:\/\/i0.wp.com\/jaimetrinidadlopd.es\/wp-content\/uploads\/2024\/02\/dato_info_cono.webp?resize=300%2C90 300w\" sizes=\"(max-width: 558px) 100vw, 558px\" \/>\t\t\t\t\t\t\t\t\t\t\t\t\t\t\t<\/div>\n\t\t\t\t<\/div>\n\t\t\t\t<div class=\"elementor-element elementor-element-105214c elementor-button-info elementor-align-center elementor-widget elementor-widget-button\" data-id=\"105214c\" data-element_type=\"widget\" data-e-type=\"widget\" data-widget_type=\"button.default\">\n\t\t\t\t<div class=\"elementor-widget-container\">\n\t\t\t\t\t\t\t\t\t<div class=\"elementor-button-wrapper\">\n\t\t\t\t\t<a class=\"elementor-button elementor-button-link elementor-size-sm\" href=\"http:\/\/jaimetrinidadlopd.es\/?page_id=387\">\n\t\t\t\t\t\t<span class=\"elementor-button-content-wrapper\">\n\t\t\t\t\t\t<span class=\"elementor-button-icon\">\n\t\t\t\t<i aria-hidden=\"true\" class=\"far fa-arrow-alt-circle-right\"><\/i>\t\t\t<\/span>\n\t\t\t\t\t\t\t\t\t<span class=\"elementor-button-text\">Consultanos!<\/span>\n\t\t\t\t\t<\/span>\n\t\t\t\t\t<\/a>\n\t\t\t\t<\/div>\n\t\t\t\t\t\t\t\t<\/div>\n\t\t\t\t<\/div>\n\t\t\t\t<div class=\"elementor-element elementor-element-19c7991 animated-slow elementor-invisible elementor-widget elementor-widget-text-editor\" data-id=\"19c7991\" data-element_type=\"widget\" data-e-type=\"widget\" data-settings=\"{&quot;_animation&quot;:&quot;rollIn&quot;}\" data-widget_type=\"text-editor.default\">\n\t\t\t\t<div class=\"elementor-widget-container\">\n\t\t\t\t\t\t\t\t\t<p><strong>Nos avala nuestra formaci\u00f3n (Ing. Inform\u00e1tica, Derecho, Riesgos, Seguridad de la Informaci\u00f3n, Power Bi&#8230;), y nuestros m\u00e1s de 10 a\u00f1os experiencia en el sector.<\/strong><\/p>\t\t\t\t\t\t\t\t<\/div>\n\t\t\t\t<\/div>\n\t\t\t\t\t<\/div>\n\t\t<\/div>\n\t\t\t\t\t<\/div>\n\t\t<\/section>\n\t\t\t\t<\/div>\n\t\t","protected":false},"excerpt":{"rendered":"<p>El Business Intelligence (BI), es el conjunto de procesos que nos permita analizar una gran cantidad de datos con el objetivo de conocer c\u00f3mo est\u00e1 funcionando una organizaci\u00f3n \u00bfest\u00e1 cumpliendo sus objetivos?, \u00bfest\u00e1n funcionado sus procesos?, \u00bfQu\u00e9 procesos no est\u00e1n funcionado? \u00bfEn que se basan las decisiones de negocio? Para llevar cabo el proceso de BI surgen tres problemas: La cantidad de datos que tenemos que explotar. La cantidad de tipos de datos distintos a los que nos enfrentamos. El momento de presentar los datos. Es decir, es necesario explotar grandes cantidades distintas de datos, transformarlos y obtener el conocimiento necesario para dar respuesta a todas las preguntas de manera objetiva, justificada y r\u00e1pida. Para solventar el problema, existe el proceso de an\u00e1lisis empresarial, que permite unir diferentes fuentes de datos, analizarlos y presentar un an\u00e1lisis de estos a trav\u00e9s de informes y paneles en tiempo real. Este proceso permite sacar el m\u00e1ximo provecho a sus inversiones en macrodatos mediante la conexi\u00f3n a todos los or\u00edgenes de datos con escala para analizar, compartir y promover los conocimientos en toda la organizaci\u00f3n, a la vez que mantiene la precisi\u00f3n, la coherencia y la seguridad de los datos. Para llevar a cabo, de manera eficiente\u00a0 el proceso de BI, existen numerosas herramientas, de la cual hemos considerado, por su calidad, precio, facilidad de aprendizaje y su interconexi\u00f3n con una gran cantidad de sistemas y or\u00edgenes de datos POWERBI. POWER BI nos har\u00e1 capaces de definir nuestros or\u00edgenes de datos, transformar los datos, crear paneles de control, informes de una manera casi automatizada. Consultanos! Nos avala nuestra formaci\u00f3n (Ing. Inform\u00e1tica, Derecho, Riesgos, Seguridad de la Informaci\u00f3n, Power Bi&#8230;), y nuestros m\u00e1s de 10 a\u00f1os experiencia en el sector.<\/p>\n","protected":false},"author":1,"featured_media":0,"parent":0,"menu_order":0,"comment_status":"closed","ping_status":"closed","template":"page-templates\/pagebuilder.php","meta":{"zakra_page_container_layout":"customizer","zakra_page_sidebar_layout":"customizer","zakra_remove_content_margin":false,"zakra_sidebar":"customizer","zakra_transparent_header":"customizer","zakra_logo":0,"zakra_main_header_style":"default","zakra_menu_item_color":"","zakra_menu_item_hover_color":"","zakra_menu_item_active_color":"","zakra_menu_active_style":"","zakra_page_header":true,"footnotes":""},"class_list":["post-2522","page","type-page","status-publish","hentry"],"yoast_head":"<!-- This site is optimized with the Yoast SEO plugin v27.6 - https:\/\/yoast.com\/product\/yoast-seo-wordpress\/ -->\n<title>Power Bi - EXPERTOS EN SEGURIDAD DE LA INFORMACI\u00d3N<\/title>\n<meta name=\"description\" content=\"Queremos aprovechar nuestros conocimientos y experiencia en Protecci\u00f3n de Datos y en Seguridad de la Informaci\u00f3n para ayudar a todas las personas que se encuentran perdidas en este tema tan importante.Resolvemos vuestras dudas de la manera m\u00e1s pr\u00e1ctica posible.Queremos ayudar a los j\u00f3venes, aut\u00f3nomos, a las empresas que est\u00e9n empezando (y a las que ya han empezado). Ingenier\u00eda Inform\u00e1tica y Derecho, Unidos. Si ten\u00e9is dudas o necesit\u00e1is ayuda. Una consulta a tiempo puede convertir un gran problema en un sencillo trabajo.\" \/>\n<meta name=\"robots\" content=\"index, follow, max-snippet:-1, max-image-preview:large, max-video-preview:-1\" \/>\n<link rel=\"canonical\" href=\"https:\/\/jaimetrinidadlopd.es\/?page_id=2522\" \/>\n<meta property=\"og:locale\" content=\"es_ES\" \/>\n<meta property=\"og:type\" content=\"article\" \/>\n<meta property=\"og:title\" content=\"Power Bi - EXPERTOS EN SEGURIDAD DE LA INFORMACI\u00d3N\" \/>\n<meta property=\"og:description\" content=\"Queremos aprovechar nuestros conocimientos y experiencia en Protecci\u00f3n de Datos y en Seguridad de la Informaci\u00f3n para ayudar a todas las personas que se encuentran perdidas en este tema tan importante.Resolvemos vuestras dudas de la manera m\u00e1s pr\u00e1ctica posible.Queremos ayudar a los j\u00f3venes, aut\u00f3nomos, a las empresas que est\u00e9n empezando (y a las que ya han empezado). Ingenier\u00eda Inform\u00e1tica y Derecho, Unidos. Si ten\u00e9is dudas o necesit\u00e1is ayuda. Una consulta a tiempo puede convertir un gran problema en un sencillo trabajo.\" \/>\n<meta property=\"og:url\" content=\"https:\/\/jaimetrinidadlopd.es\/?page_id=2522\" \/>\n<meta property=\"og:site_name\" content=\"EXPERTOS EN SEGURIDAD DE LA INFORMACI\u00d3N\" \/>\n<meta property=\"article:modified_time\" content=\"2025-06-21T08:09:57+00:00\" \/>\n<meta property=\"og:image\" content=\"http:\/\/jaimetrinidadlopd.es\/wp-content\/uploads\/2024\/02\/dato_info_cono.webp\" \/>\n<meta name=\"twitter:card\" content=\"summary_large_image\" \/>\n<meta name=\"twitter:label1\" content=\"Tiempo de lectura\" \/>\n\t<meta name=\"twitter:data1\" content=\"2 minutos\" \/>\n<script type=\"application\/ld+json\" class=\"yoast-schema-graph\">{\"@context\":\"https:\\\/\\\/schema.org\",\"@graph\":[{\"@type\":\"WebPage\",\"@id\":\"https:\\\/\\\/jaimetrinidadlopd.es\\\/?page_id=2522\",\"url\":\"https:\\\/\\\/jaimetrinidadlopd.es\\\/?page_id=2522\",\"name\":\"Power Bi - EXPERTOS EN SEGURIDAD DE LA INFORMACI\u00d3N\",\"isPartOf\":{\"@id\":\"http:\\\/\\\/jaimetrinidadlopd.es\\\/#website\"},\"primaryImageOfPage\":{\"@id\":\"https:\\\/\\\/jaimetrinidadlopd.es\\\/?page_id=2522#primaryimage\"},\"image\":{\"@id\":\"https:\\\/\\\/jaimetrinidadlopd.es\\\/?page_id=2522#primaryimage\"},\"thumbnailUrl\":\"http:\\\/\\\/jaimetrinidadlopd.es\\\/wp-content\\\/uploads\\\/2024\\\/02\\\/dato_info_cono.webp\",\"datePublished\":\"2024-02-04T10:20:39+00:00\",\"dateModified\":\"2025-06-21T08:09:57+00:00\",\"description\":\"Queremos aprovechar nuestros conocimientos y experiencia en Protecci\u00f3n de Datos y en Seguridad de la Informaci\u00f3n para ayudar a todas las personas que se encuentran perdidas en este tema tan importante.Resolvemos vuestras dudas de la manera m\u00e1s pr\u00e1ctica posible.Queremos ayudar a los j\u00f3venes, aut\u00f3nomos, a las empresas que est\u00e9n empezando (y a las que ya han empezado). Ingenier\u00eda Inform\u00e1tica y Derecho, Unidos. Si ten\u00e9is dudas o necesit\u00e1is ayuda. Una consulta a tiempo puede convertir un gran problema en un sencillo trabajo.\",\"breadcrumb\":{\"@id\":\"https:\\\/\\\/jaimetrinidadlopd.es\\\/?page_id=2522#breadcrumb\"},\"inLanguage\":\"es\",\"potentialAction\":[{\"@type\":\"ReadAction\",\"target\":[\"https:\\\/\\\/jaimetrinidadlopd.es\\\/?page_id=2522\"]}]},{\"@type\":\"ImageObject\",\"inLanguage\":\"es\",\"@id\":\"https:\\\/\\\/jaimetrinidadlopd.es\\\/?page_id=2522#primaryimage\",\"url\":\"https:\\\/\\\/i0.wp.com\\\/jaimetrinidadlopd.es\\\/wp-content\\\/uploads\\\/2024\\\/02\\\/dato_info_cono.webp?fit=558%2C168&ssl=1\",\"contentUrl\":\"https:\\\/\\\/i0.wp.com\\\/jaimetrinidadlopd.es\\\/wp-content\\\/uploads\\\/2024\\\/02\\\/dato_info_cono.webp?fit=558%2C168&ssl=1\",\"width\":558,\"height\":168},{\"@type\":\"BreadcrumbList\",\"@id\":\"https:\\\/\\\/jaimetrinidadlopd.es\\\/?page_id=2522#breadcrumb\",\"itemListElement\":[{\"@type\":\"ListItem\",\"position\":1,\"name\":\"Portada\",\"item\":\"http:\\\/\\\/jaimetrinidadlopd.es\\\/\"},{\"@type\":\"ListItem\",\"position\":2,\"name\":\"Power Bi\"}]},{\"@type\":\"WebSite\",\"@id\":\"http:\\\/\\\/jaimetrinidadlopd.es\\\/#website\",\"url\":\"http:\\\/\\\/jaimetrinidadlopd.es\\\/\",\"name\":\"EXPERTOS EN SEGURIDAD DE LA INFORMACI\u00d3N Y PROTECCI\u00d3N DE DATOS\",\"description\":\"PROTECCI\u00d3N DE DATOS Y SEGURIDAD DE LA INFORMACI\u00d3N\",\"publisher\":{\"@id\":\"http:\\\/\\\/jaimetrinidadlopd.es\\\/#organization\"},\"potentialAction\":[{\"@type\":\"SearchAction\",\"target\":{\"@type\":\"EntryPoint\",\"urlTemplate\":\"http:\\\/\\\/jaimetrinidadlopd.es\\\/?s={search_term_string}\"},\"query-input\":{\"@type\":\"PropertyValueSpecification\",\"valueRequired\":true,\"valueName\":\"search_term_string\"}}],\"inLanguage\":\"es\"},{\"@type\":\"Organization\",\"@id\":\"http:\\\/\\\/jaimetrinidadlopd.es\\\/#organization\",\"name\":\"jaimetrinidadlopd.es\",\"url\":\"http:\\\/\\\/jaimetrinidadlopd.es\\\/\",\"logo\":{\"@type\":\"ImageObject\",\"inLanguage\":\"es\",\"@id\":\"http:\\\/\\\/jaimetrinidadlopd.es\\\/#\\\/schema\\\/logo\\\/image\\\/\",\"url\":\"http:\\\/\\\/jaimetrinidadlopd.es\\\/wp-content\\\/uploads\\\/2021\\\/01\\\/cropped-jaimetrinidadlopd3.png\",\"contentUrl\":\"http:\\\/\\\/jaimetrinidadlopd.es\\\/wp-content\\\/uploads\\\/2021\\\/01\\\/cropped-jaimetrinidadlopd3.png\",\"width\":420,\"height\":146,\"caption\":\"jaimetrinidadlopd.es\"},\"image\":{\"@id\":\"http:\\\/\\\/jaimetrinidadlopd.es\\\/#\\\/schema\\\/logo\\\/image\\\/\"}}]}<\/script>\n<!-- \/ Yoast SEO plugin. -->","yoast_head_json":{"title":"Power Bi - EXPERTOS EN SEGURIDAD DE LA INFORMACI\u00d3N","description":"Queremos aprovechar nuestros conocimientos y experiencia en Protecci\u00f3n de Datos y en Seguridad de la Informaci\u00f3n para ayudar a todas las personas que se encuentran perdidas en este tema tan importante.Resolvemos vuestras dudas de la manera m\u00e1s pr\u00e1ctica posible.Queremos ayudar a los j\u00f3venes, aut\u00f3nomos, a las empresas que est\u00e9n empezando (y a las que ya han empezado). Ingenier\u00eda Inform\u00e1tica y Derecho, Unidos. Si ten\u00e9is dudas o necesit\u00e1is ayuda. Una consulta a tiempo puede convertir un gran problema en un sencillo trabajo.","robots":{"index":"index","follow":"follow","max-snippet":"max-snippet:-1","max-image-preview":"max-image-preview:large","max-video-preview":"max-video-preview:-1"},"canonical":"https:\/\/jaimetrinidadlopd.es\/?page_id=2522","og_locale":"es_ES","og_type":"article","og_title":"Power Bi - EXPERTOS EN SEGURIDAD DE LA INFORMACI\u00d3N","og_description":"Queremos aprovechar nuestros conocimientos y experiencia en Protecci\u00f3n de Datos y en Seguridad de la Informaci\u00f3n para ayudar a todas las personas que se encuentran perdidas en este tema tan importante.Resolvemos vuestras dudas de la manera m\u00e1s pr\u00e1ctica posible.Queremos ayudar a los j\u00f3venes, aut\u00f3nomos, a las empresas que est\u00e9n empezando (y a las que ya han empezado). Ingenier\u00eda Inform\u00e1tica y Derecho, Unidos. Si ten\u00e9is dudas o necesit\u00e1is ayuda. Una consulta a tiempo puede convertir un gran problema en un sencillo trabajo.","og_url":"https:\/\/jaimetrinidadlopd.es\/?page_id=2522","og_site_name":"EXPERTOS EN SEGURIDAD DE LA INFORMACI\u00d3N","article_modified_time":"2025-06-21T08:09:57+00:00","og_image":[{"url":"http:\/\/jaimetrinidadlopd.es\/wp-content\/uploads\/2024\/02\/dato_info_cono.webp","type":"","width":"","height":""}],"twitter_card":"summary_large_image","twitter_misc":{"Tiempo de lectura":"2 minutos"},"schema":{"@context":"https:\/\/schema.org","@graph":[{"@type":"WebPage","@id":"https:\/\/jaimetrinidadlopd.es\/?page_id=2522","url":"https:\/\/jaimetrinidadlopd.es\/?page_id=2522","name":"Power Bi - EXPERTOS EN SEGURIDAD DE LA INFORMACI\u00d3N","isPartOf":{"@id":"http:\/\/jaimetrinidadlopd.es\/#website"},"primaryImageOfPage":{"@id":"https:\/\/jaimetrinidadlopd.es\/?page_id=2522#primaryimage"},"image":{"@id":"https:\/\/jaimetrinidadlopd.es\/?page_id=2522#primaryimage"},"thumbnailUrl":"http:\/\/jaimetrinidadlopd.es\/wp-content\/uploads\/2024\/02\/dato_info_cono.webp","datePublished":"2024-02-04T10:20:39+00:00","dateModified":"2025-06-21T08:09:57+00:00","description":"Queremos aprovechar nuestros conocimientos y experiencia en Protecci\u00f3n de Datos y en Seguridad de la Informaci\u00f3n para ayudar a todas las personas que se encuentran perdidas en este tema tan importante.Resolvemos vuestras dudas de la manera m\u00e1s pr\u00e1ctica posible.Queremos ayudar a los j\u00f3venes, aut\u00f3nomos, a las empresas que est\u00e9n empezando (y a las que ya han empezado). Ingenier\u00eda Inform\u00e1tica y Derecho, Unidos. Si ten\u00e9is dudas o necesit\u00e1is ayuda. Una consulta a tiempo puede convertir un gran problema en un sencillo trabajo.","breadcrumb":{"@id":"https:\/\/jaimetrinidadlopd.es\/?page_id=2522#breadcrumb"},"inLanguage":"es","potentialAction":[{"@type":"ReadAction","target":["https:\/\/jaimetrinidadlopd.es\/?page_id=2522"]}]},{"@type":"ImageObject","inLanguage":"es","@id":"https:\/\/jaimetrinidadlopd.es\/?page_id=2522#primaryimage","url":"https:\/\/i0.wp.com\/jaimetrinidadlopd.es\/wp-content\/uploads\/2024\/02\/dato_info_cono.webp?fit=558%2C168&ssl=1","contentUrl":"https:\/\/i0.wp.com\/jaimetrinidadlopd.es\/wp-content\/uploads\/2024\/02\/dato_info_cono.webp?fit=558%2C168&ssl=1","width":558,"height":168},{"@type":"BreadcrumbList","@id":"https:\/\/jaimetrinidadlopd.es\/?page_id=2522#breadcrumb","itemListElement":[{"@type":"ListItem","position":1,"name":"Portada","item":"http:\/\/jaimetrinidadlopd.es\/"},{"@type":"ListItem","position":2,"name":"Power Bi"}]},{"@type":"WebSite","@id":"http:\/\/jaimetrinidadlopd.es\/#website","url":"http:\/\/jaimetrinidadlopd.es\/","name":"EXPERTOS EN SEGURIDAD DE LA INFORMACI\u00d3N Y PROTECCI\u00d3N DE DATOS","description":"PROTECCI\u00d3N DE DATOS Y SEGURIDAD DE LA INFORMACI\u00d3N","publisher":{"@id":"http:\/\/jaimetrinidadlopd.es\/#organization"},"potentialAction":[{"@type":"SearchAction","target":{"@type":"EntryPoint","urlTemplate":"http:\/\/jaimetrinidadlopd.es\/?s={search_term_string}"},"query-input":{"@type":"PropertyValueSpecification","valueRequired":true,"valueName":"search_term_string"}}],"inLanguage":"es"},{"@type":"Organization","@id":"http:\/\/jaimetrinidadlopd.es\/#organization","name":"jaimetrinidadlopd.es","url":"http:\/\/jaimetrinidadlopd.es\/","logo":{"@type":"ImageObject","inLanguage":"es","@id":"http:\/\/jaimetrinidadlopd.es\/#\/schema\/logo\/image\/","url":"http:\/\/jaimetrinidadlopd.es\/wp-content\/uploads\/2021\/01\/cropped-jaimetrinidadlopd3.png","contentUrl":"http:\/\/jaimetrinidadlopd.es\/wp-content\/uploads\/2021\/01\/cropped-jaimetrinidadlopd3.png","width":420,"height":146,"caption":"jaimetrinidadlopd.es"},"image":{"@id":"http:\/\/jaimetrinidadlopd.es\/#\/schema\/logo\/image\/"}}]}},"jetpack_sharing_enabled":true,"_links":{"self":[{"href":"https:\/\/jaimetrinidadlopd.es\/index.php?rest_route=\/wp\/v2\/pages\/2522","targetHints":{"allow":["GET"]}}],"collection":[{"href":"https:\/\/jaimetrinidadlopd.es\/index.php?rest_route=\/wp\/v2\/pages"}],"about":[{"href":"https:\/\/jaimetrinidadlopd.es\/index.php?rest_route=\/wp\/v2\/types\/page"}],"author":[{"embeddable":true,"href":"https:\/\/jaimetrinidadlopd.es\/index.php?rest_route=\/wp\/v2\/users\/1"}],"replies":[{"embeddable":true,"href":"https:\/\/jaimetrinidadlopd.es\/index.php?rest_route=%2Fwp%2Fv2%2Fcomments&post=2522"}],"version-history":[{"count":5,"href":"https:\/\/jaimetrinidadlopd.es\/index.php?rest_route=\/wp\/v2\/pages\/2522\/revisions"}],"predecessor-version":[{"id":2663,"href":"https:\/\/jaimetrinidadlopd.es\/index.php?rest_route=\/wp\/v2\/pages\/2522\/revisions\/2663"}],"wp:attachment":[{"href":"https:\/\/jaimetrinidadlopd.es\/index.php?rest_route=%2Fwp%2Fv2%2Fmedia&parent=2522"}],"curies":[{"name":"wp","href":"https:\/\/api.w.org\/{rel}","templated":true}]}}