{"id":1875,"date":"2020-04-21T14:57:51","date_gmt":"2020-04-21T14:57:51","guid":{"rendered":"http:\/\/j0imeis0bel.myqnapcloud.com\/AsesoriaOrtizNogales\/?page_id=1875"},"modified":"2025-06-21T08:07:42","modified_gmt":"2025-06-21T08:07:42","slug":"ens","status":"publish","type":"page","link":"https:\/\/jaimetrinidadlopd.es\/?page_id=1875","title":{"rendered":"Esquema Nacional de Seguridad"},"content":{"rendered":"\t\t<div data-elementor-type=\"wp-page\" data-elementor-id=\"1875\" class=\"elementor elementor-1875\">\n\t\t\t\t\t\t<section class=\"elementor-section elementor-top-section elementor-element elementor-element-656bea2d elementor-section-boxed elementor-section-height-default elementor-section-height-default wpr-particle-no wpr-jarallax-no wpr-parallax-no wpr-sticky-section-no\" data-id=\"656bea2d\" data-element_type=\"section\" data-e-type=\"section\">\n\t\t\t\t\t\t<div class=\"elementor-container elementor-column-gap-default\">\n\t\t\t\t\t<div class=\"elementor-column elementor-col-100 elementor-top-column elementor-element elementor-element-330b057e\" data-id=\"330b057e\" data-element_type=\"column\" data-e-type=\"column\">\n\t\t\t<div class=\"elementor-widget-wrap elementor-element-populated\">\n\t\t\t\t\t\t<div class=\"elementor-element elementor-element-391b36bf elementor-widget elementor-widget-text-editor\" data-id=\"391b36bf\" data-element_type=\"widget\" data-e-type=\"widget\" data-widget_type=\"text-editor.default\">\n\t\t\t\t<div class=\"elementor-widget-container\">\n\t\t\t\t\t\t\t\t\t<p><\/p>\n<div class=\"compartir\">\n<p>El Esquema Nacional de Seguridad, de aplicaci\u00f3n a todo el Sector P\u00fablico, as\u00ed como a los proveedores que colaboran con la Administraci\u00f3n, ofrece un marco com\u00fan de principios b\u00e1sicos, requisitos y medidas de seguridad para una protecci\u00f3n adecuada de la informaci\u00f3n tratada y los servicios prestados, con objeto de asegurar el acceso, la confidencialidad, la integridad, la trazabilidad, la autenticidad, la disponibilidad y la conservaci\u00f3n de los datos, la informaci\u00f3n y los servicios utilizados por medios electr\u00f3nicos que gestionen en el ejercicio de sus competencias. Desde su primer desarrollo en 2010 est\u00e1 en constante evoluci\u00f3n con modificaciones notables en 2015 y su \u00faltima actualizaci\u00f3n en 2022 (Real Decreto 311\/2022)..<\/p>\n<\/div>\n<p><\/p>\n<p><\/p>\t\t\t\t\t\t\t\t<\/div>\n\t\t\t\t<\/div>\n\t\t\t\t<div class=\"elementor-element elementor-element-135ec1b elementor-widget elementor-widget-heading\" data-id=\"135ec1b\" data-element_type=\"widget\" data-e-type=\"widget\" data-widget_type=\"heading.default\">\n\t\t\t\t<div class=\"elementor-widget-container\">\n\t\t\t\t\t<h3 class=\"elementor-heading-title elementor-size-default\">\u00bfTienes que cumplir con el ENS?<\/h3>\t\t\t\t<\/div>\n\t\t\t\t<\/div>\n\t\t\t\t<div class=\"elementor-element elementor-element-3c9f087 elementor-widget elementor-widget-text-editor\" data-id=\"3c9f087\" data-element_type=\"widget\" data-e-type=\"widget\" data-widget_type=\"text-editor.default\">\n\t\t\t\t<div class=\"elementor-widget-container\">\n\t\t\t\t\t\t\t\t\t<p>Resulta de aplicaci\u00f3n a las entidades del sector p\u00fablico, a las entidades del sector privado que les presten servicios competenciales y, en general, a la cadena de suministro de estas \u00faltimas, en la medida que un an\u00e1lisis de riesgos previo as\u00ed lo determine.<\/p>\t\t\t\t\t\t\t\t<\/div>\n\t\t\t\t<\/div>\n\t\t\t\t<div class=\"elementor-element elementor-element-105214c elementor-button-info elementor-align-center elementor-widget elementor-widget-button\" data-id=\"105214c\" data-element_type=\"widget\" data-e-type=\"widget\" data-widget_type=\"button.default\">\n\t\t\t\t<div class=\"elementor-widget-container\">\n\t\t\t\t\t\t\t\t\t<div class=\"elementor-button-wrapper\">\n\t\t\t\t\t<a class=\"elementor-button elementor-button-link elementor-size-sm\" href=\"http:\/\/jaimetrinidadlopd.es\/?page_id=387\">\n\t\t\t\t\t\t<span class=\"elementor-button-content-wrapper\">\n\t\t\t\t\t\t<span class=\"elementor-button-icon\">\n\t\t\t\t<i aria-hidden=\"true\" class=\"far fa-arrow-alt-circle-right\"><\/i>\t\t\t<\/span>\n\t\t\t\t\t\t\t\t\t<span class=\"elementor-button-text\">Consultanos!<\/span>\n\t\t\t\t\t<\/span>\n\t\t\t\t\t<\/a>\n\t\t\t\t<\/div>\n\t\t\t\t\t\t\t\t<\/div>\n\t\t\t\t<\/div>\n\t\t\t\t<div class=\"elementor-element elementor-element-19c7991 animated-slow elementor-invisible elementor-widget elementor-widget-text-editor\" data-id=\"19c7991\" data-element_type=\"widget\" data-e-type=\"widget\" data-settings=\"{&quot;_animation&quot;:&quot;rollIn&quot;}\" data-widget_type=\"text-editor.default\">\n\t\t\t\t<div class=\"elementor-widget-container\">\n\t\t\t\t\t\t\t\t\t<p><strong>Nos avala nuestra formaci\u00f3n (Ing. Inform\u00e1tica, Derecho, Riesgos, Seguridad de la Informaci\u00f3n..), y nuestros m\u00e1s de 10 a\u00f1os experiencia en el sector.<\/strong><\/p>\t\t\t\t\t\t\t\t<\/div>\n\t\t\t\t<\/div>\n\t\t\t\t\t<\/div>\n\t\t<\/div>\n\t\t\t\t\t<\/div>\n\t\t<\/section>\n\t\t\t\t<\/div>\n\t\t","protected":false},"excerpt":{"rendered":"<p>El Esquema Nacional de Seguridad, de aplicaci\u00f3n a todo el Sector P\u00fablico, as\u00ed como a los proveedores que colaboran con la Administraci\u00f3n, ofrece un marco com\u00fan de principios b\u00e1sicos, requisitos y medidas de seguridad para una protecci\u00f3n adecuada de la informaci\u00f3n tratada y los servicios prestados, con objeto de asegurar el acceso, la confidencialidad, la integridad, la trazabilidad, la autenticidad, la disponibilidad y la conservaci\u00f3n de los datos, la informaci\u00f3n y los servicios utilizados por medios electr\u00f3nicos que gestionen en el ejercicio de sus competencias. Desde su primer desarrollo en 2010 est\u00e1 en constante evoluci\u00f3n con modificaciones notables en 2015 y su \u00faltima actualizaci\u00f3n en 2022 (Real Decreto 311\/2022).. \u00bfTienes que cumplir con el ENS? Resulta de aplicaci\u00f3n a las entidades del sector p\u00fablico, a las entidades del sector privado que les presten servicios competenciales y, en general, a la cadena de suministro de estas \u00faltimas, en la medida que un an\u00e1lisis de riesgos previo as\u00ed lo determine. Consultanos! Nos avala nuestra formaci\u00f3n (Ing. Inform\u00e1tica, Derecho, Riesgos, Seguridad de la Informaci\u00f3n..), y nuestros m\u00e1s de 10 a\u00f1os experiencia en el sector.<\/p>\n","protected":false},"author":1,"featured_media":0,"parent":0,"menu_order":0,"comment_status":"closed","ping_status":"closed","template":"page-templates\/pagebuilder.php","meta":{"zakra_page_container_layout":"customizer","zakra_page_sidebar_layout":"customizer","zakra_remove_content_margin":false,"zakra_sidebar":"customizer","zakra_transparent_header":"customizer","zakra_logo":0,"zakra_main_header_style":"default","zakra_menu_item_color":"","zakra_menu_item_hover_color":"","zakra_menu_item_active_color":"","zakra_menu_active_style":"","zakra_page_header":true,"footnotes":""},"class_list":["post-1875","page","type-page","status-publish","hentry"],"yoast_head":"<!-- This site is optimized with the Yoast SEO plugin v27.6 - https:\/\/yoast.com\/product\/yoast-seo-wordpress\/ -->\n<title>Esquema Nacional de Seguridad - EXPERTOS EN SEGURIDAD DE LA INFORMACI\u00d3N<\/title>\n<meta name=\"description\" content=\"Queremos aprovechar nuestros conocimientos y experiencia en Protecci\u00f3n de Datos y en Seguridad de la Informaci\u00f3n para ayudar a todas las personas que se encuentran perdidas en este tema tan importante.Resolvemos vuestras dudas de la manera m\u00e1s pr\u00e1ctica posible.Queremos ayudar a los j\u00f3venes, aut\u00f3nomos, a las empresas que est\u00e9n empezando (y a las que ya han empezado). Ingenier\u00eda Inform\u00e1tica y Derecho, Unidos. Si ten\u00e9is dudas o necesit\u00e1is ayuda. Una consulta a tiempo puede convertir un gran problema en un sencillo trabajo.\" \/>\n<meta name=\"robots\" content=\"index, follow, max-snippet:-1, max-image-preview:large, max-video-preview:-1\" \/>\n<link rel=\"canonical\" href=\"http:\/\/jaimetrinidadlopd.es\/?page_id=1875\" \/>\n<meta property=\"og:locale\" content=\"es_ES\" \/>\n<meta property=\"og:type\" content=\"article\" \/>\n<meta property=\"og:title\" content=\"Esquema Nacional de Seguridad - EXPERTOS EN SEGURIDAD DE LA INFORMACI\u00d3N\" \/>\n<meta property=\"og:description\" content=\"Queremos aprovechar nuestros conocimientos y experiencia en Protecci\u00f3n de Datos y en Seguridad de la Informaci\u00f3n para ayudar a todas las personas que se encuentran perdidas en este tema tan importante.Resolvemos vuestras dudas de la manera m\u00e1s pr\u00e1ctica posible.Queremos ayudar a los j\u00f3venes, aut\u00f3nomos, a las empresas que est\u00e9n empezando (y a las que ya han empezado). Ingenier\u00eda Inform\u00e1tica y Derecho, Unidos. Si ten\u00e9is dudas o necesit\u00e1is ayuda. Una consulta a tiempo puede convertir un gran problema en un sencillo trabajo.\" \/>\n<meta property=\"og:url\" content=\"http:\/\/jaimetrinidadlopd.es\/?page_id=1875\" \/>\n<meta property=\"og:site_name\" content=\"EXPERTOS EN SEGURIDAD DE LA INFORMACI\u00d3N\" \/>\n<meta property=\"article:modified_time\" content=\"2025-06-21T08:07:42+00:00\" \/>\n<meta name=\"twitter:card\" content=\"summary_large_image\" \/>\n<meta name=\"twitter:label1\" content=\"Tiempo de lectura\" \/>\n\t<meta name=\"twitter:data1\" content=\"1 minuto\" \/>\n<script type=\"application\/ld+json\" class=\"yoast-schema-graph\">{\"@context\":\"https:\\\/\\\/schema.org\",\"@graph\":[{\"@type\":\"WebPage\",\"@id\":\"http:\\\/\\\/jaimetrinidadlopd.es\\\/?page_id=1875\",\"url\":\"http:\\\/\\\/jaimetrinidadlopd.es\\\/?page_id=1875\",\"name\":\"Esquema Nacional de Seguridad - EXPERTOS EN SEGURIDAD DE LA INFORMACI\u00d3N\",\"isPartOf\":{\"@id\":\"http:\\\/\\\/jaimetrinidadlopd.es\\\/#website\"},\"datePublished\":\"2020-04-21T14:57:51+00:00\",\"dateModified\":\"2025-06-21T08:07:42+00:00\",\"description\":\"Queremos aprovechar nuestros conocimientos y experiencia en Protecci\u00f3n de Datos y en Seguridad de la Informaci\u00f3n para ayudar a todas las personas que se encuentran perdidas en este tema tan importante.Resolvemos vuestras dudas de la manera m\u00e1s pr\u00e1ctica posible.Queremos ayudar a los j\u00f3venes, aut\u00f3nomos, a las empresas que est\u00e9n empezando (y a las que ya han empezado). Ingenier\u00eda Inform\u00e1tica y Derecho, Unidos. Si ten\u00e9is dudas o necesit\u00e1is ayuda. Una consulta a tiempo puede convertir un gran problema en un sencillo trabajo.\",\"breadcrumb\":{\"@id\":\"http:\\\/\\\/jaimetrinidadlopd.es\\\/?page_id=1875#breadcrumb\"},\"inLanguage\":\"es\",\"potentialAction\":[{\"@type\":\"ReadAction\",\"target\":[\"http:\\\/\\\/jaimetrinidadlopd.es\\\/?page_id=1875\"]}]},{\"@type\":\"BreadcrumbList\",\"@id\":\"http:\\\/\\\/jaimetrinidadlopd.es\\\/?page_id=1875#breadcrumb\",\"itemListElement\":[{\"@type\":\"ListItem\",\"position\":1,\"name\":\"Portada\",\"item\":\"http:\\\/\\\/jaimetrinidadlopd.es\\\/\"},{\"@type\":\"ListItem\",\"position\":2,\"name\":\"Esquema Nacional de Seguridad\"}]},{\"@type\":\"WebSite\",\"@id\":\"http:\\\/\\\/jaimetrinidadlopd.es\\\/#website\",\"url\":\"http:\\\/\\\/jaimetrinidadlopd.es\\\/\",\"name\":\"EXPERTOS EN SEGURIDAD DE LA INFORMACI\u00d3N Y PROTECCI\u00d3N DE DATOS\",\"description\":\"PROTECCI\u00d3N DE DATOS Y SEGURIDAD DE LA INFORMACI\u00d3N\",\"publisher\":{\"@id\":\"http:\\\/\\\/jaimetrinidadlopd.es\\\/#organization\"},\"potentialAction\":[{\"@type\":\"SearchAction\",\"target\":{\"@type\":\"EntryPoint\",\"urlTemplate\":\"http:\\\/\\\/jaimetrinidadlopd.es\\\/?s={search_term_string}\"},\"query-input\":{\"@type\":\"PropertyValueSpecification\",\"valueRequired\":true,\"valueName\":\"search_term_string\"}}],\"inLanguage\":\"es\"},{\"@type\":\"Organization\",\"@id\":\"http:\\\/\\\/jaimetrinidadlopd.es\\\/#organization\",\"name\":\"jaimetrinidadlopd.es\",\"url\":\"http:\\\/\\\/jaimetrinidadlopd.es\\\/\",\"logo\":{\"@type\":\"ImageObject\",\"inLanguage\":\"es\",\"@id\":\"http:\\\/\\\/jaimetrinidadlopd.es\\\/#\\\/schema\\\/logo\\\/image\\\/\",\"url\":\"http:\\\/\\\/jaimetrinidadlopd.es\\\/wp-content\\\/uploads\\\/2021\\\/01\\\/cropped-jaimetrinidadlopd3.png\",\"contentUrl\":\"http:\\\/\\\/jaimetrinidadlopd.es\\\/wp-content\\\/uploads\\\/2021\\\/01\\\/cropped-jaimetrinidadlopd3.png\",\"width\":420,\"height\":146,\"caption\":\"jaimetrinidadlopd.es\"},\"image\":{\"@id\":\"http:\\\/\\\/jaimetrinidadlopd.es\\\/#\\\/schema\\\/logo\\\/image\\\/\"}}]}<\/script>\n<!-- \/ Yoast SEO plugin. -->","yoast_head_json":{"title":"Esquema Nacional de Seguridad - EXPERTOS EN SEGURIDAD DE LA INFORMACI\u00d3N","description":"Queremos aprovechar nuestros conocimientos y experiencia en Protecci\u00f3n de Datos y en Seguridad de la Informaci\u00f3n para ayudar a todas las personas que se encuentran perdidas en este tema tan importante.Resolvemos vuestras dudas de la manera m\u00e1s pr\u00e1ctica posible.Queremos ayudar a los j\u00f3venes, aut\u00f3nomos, a las empresas que est\u00e9n empezando (y a las que ya han empezado). Ingenier\u00eda Inform\u00e1tica y Derecho, Unidos. Si ten\u00e9is dudas o necesit\u00e1is ayuda. Una consulta a tiempo puede convertir un gran problema en un sencillo trabajo.","robots":{"index":"index","follow":"follow","max-snippet":"max-snippet:-1","max-image-preview":"max-image-preview:large","max-video-preview":"max-video-preview:-1"},"canonical":"http:\/\/jaimetrinidadlopd.es\/?page_id=1875","og_locale":"es_ES","og_type":"article","og_title":"Esquema Nacional de Seguridad - EXPERTOS EN SEGURIDAD DE LA INFORMACI\u00d3N","og_description":"Queremos aprovechar nuestros conocimientos y experiencia en Protecci\u00f3n de Datos y en Seguridad de la Informaci\u00f3n para ayudar a todas las personas que se encuentran perdidas en este tema tan importante.Resolvemos vuestras dudas de la manera m\u00e1s pr\u00e1ctica posible.Queremos ayudar a los j\u00f3venes, aut\u00f3nomos, a las empresas que est\u00e9n empezando (y a las que ya han empezado). Ingenier\u00eda Inform\u00e1tica y Derecho, Unidos. Si ten\u00e9is dudas o necesit\u00e1is ayuda. Una consulta a tiempo puede convertir un gran problema en un sencillo trabajo.","og_url":"http:\/\/jaimetrinidadlopd.es\/?page_id=1875","og_site_name":"EXPERTOS EN SEGURIDAD DE LA INFORMACI\u00d3N","article_modified_time":"2025-06-21T08:07:42+00:00","twitter_card":"summary_large_image","twitter_misc":{"Tiempo de lectura":"1 minuto"},"schema":{"@context":"https:\/\/schema.org","@graph":[{"@type":"WebPage","@id":"http:\/\/jaimetrinidadlopd.es\/?page_id=1875","url":"http:\/\/jaimetrinidadlopd.es\/?page_id=1875","name":"Esquema Nacional de Seguridad - EXPERTOS EN SEGURIDAD DE LA INFORMACI\u00d3N","isPartOf":{"@id":"http:\/\/jaimetrinidadlopd.es\/#website"},"datePublished":"2020-04-21T14:57:51+00:00","dateModified":"2025-06-21T08:07:42+00:00","description":"Queremos aprovechar nuestros conocimientos y experiencia en Protecci\u00f3n de Datos y en Seguridad de la Informaci\u00f3n para ayudar a todas las personas que se encuentran perdidas en este tema tan importante.Resolvemos vuestras dudas de la manera m\u00e1s pr\u00e1ctica posible.Queremos ayudar a los j\u00f3venes, aut\u00f3nomos, a las empresas que est\u00e9n empezando (y a las que ya han empezado). Ingenier\u00eda Inform\u00e1tica y Derecho, Unidos. Si ten\u00e9is dudas o necesit\u00e1is ayuda. Una consulta a tiempo puede convertir un gran problema en un sencillo trabajo.","breadcrumb":{"@id":"http:\/\/jaimetrinidadlopd.es\/?page_id=1875#breadcrumb"},"inLanguage":"es","potentialAction":[{"@type":"ReadAction","target":["http:\/\/jaimetrinidadlopd.es\/?page_id=1875"]}]},{"@type":"BreadcrumbList","@id":"http:\/\/jaimetrinidadlopd.es\/?page_id=1875#breadcrumb","itemListElement":[{"@type":"ListItem","position":1,"name":"Portada","item":"http:\/\/jaimetrinidadlopd.es\/"},{"@type":"ListItem","position":2,"name":"Esquema Nacional de Seguridad"}]},{"@type":"WebSite","@id":"http:\/\/jaimetrinidadlopd.es\/#website","url":"http:\/\/jaimetrinidadlopd.es\/","name":"EXPERTOS EN SEGURIDAD DE LA INFORMACI\u00d3N Y PROTECCI\u00d3N DE DATOS","description":"PROTECCI\u00d3N DE DATOS Y SEGURIDAD DE LA INFORMACI\u00d3N","publisher":{"@id":"http:\/\/jaimetrinidadlopd.es\/#organization"},"potentialAction":[{"@type":"SearchAction","target":{"@type":"EntryPoint","urlTemplate":"http:\/\/jaimetrinidadlopd.es\/?s={search_term_string}"},"query-input":{"@type":"PropertyValueSpecification","valueRequired":true,"valueName":"search_term_string"}}],"inLanguage":"es"},{"@type":"Organization","@id":"http:\/\/jaimetrinidadlopd.es\/#organization","name":"jaimetrinidadlopd.es","url":"http:\/\/jaimetrinidadlopd.es\/","logo":{"@type":"ImageObject","inLanguage":"es","@id":"http:\/\/jaimetrinidadlopd.es\/#\/schema\/logo\/image\/","url":"http:\/\/jaimetrinidadlopd.es\/wp-content\/uploads\/2021\/01\/cropped-jaimetrinidadlopd3.png","contentUrl":"http:\/\/jaimetrinidadlopd.es\/wp-content\/uploads\/2021\/01\/cropped-jaimetrinidadlopd3.png","width":420,"height":146,"caption":"jaimetrinidadlopd.es"},"image":{"@id":"http:\/\/jaimetrinidadlopd.es\/#\/schema\/logo\/image\/"}}]}},"jetpack_sharing_enabled":true,"_links":{"self":[{"href":"https:\/\/jaimetrinidadlopd.es\/index.php?rest_route=\/wp\/v2\/pages\/1875","targetHints":{"allow":["GET"]}}],"collection":[{"href":"https:\/\/jaimetrinidadlopd.es\/index.php?rest_route=\/wp\/v2\/pages"}],"about":[{"href":"https:\/\/jaimetrinidadlopd.es\/index.php?rest_route=\/wp\/v2\/types\/page"}],"author":[{"embeddable":true,"href":"https:\/\/jaimetrinidadlopd.es\/index.php?rest_route=\/wp\/v2\/users\/1"}],"replies":[{"embeddable":true,"href":"https:\/\/jaimetrinidadlopd.es\/index.php?rest_route=%2Fwp%2Fv2%2Fcomments&post=1875"}],"version-history":[{"count":30,"href":"https:\/\/jaimetrinidadlopd.es\/index.php?rest_route=\/wp\/v2\/pages\/1875\/revisions"}],"predecessor-version":[{"id":2439,"href":"https:\/\/jaimetrinidadlopd.es\/index.php?rest_route=\/wp\/v2\/pages\/1875\/revisions\/2439"}],"wp:attachment":[{"href":"https:\/\/jaimetrinidadlopd.es\/index.php?rest_route=%2Fwp%2Fv2%2Fmedia&parent=1875"}],"curies":[{"name":"wp","href":"https:\/\/api.w.org\/{rel}","templated":true}]}}